 = -9*c + f. Suppose d + 1124 = 5*z, -c*z + 8*z = -d + 451. What are the prime factors of z?
3, 5
Let m(b) = -839*b**2 - 1. Let j be m(1). Suppose -a + 14618 = -9*a + 10346. Let s = a - j. List the prime factors of s.
2, 3, 17
Suppose j - 4*j - v = -434, -5*j + 3*v = -700. Suppose 15*y - f = 11*y + 575, y = f + j. List the prime factors of y.
2, 3
Let c(x) = 44*x**2 + 4*x - 3. Let p be c(1). Let q be 3/((16/(-32))/(6/(-4))). Suppose 0 = n + 4*f - q, p = 5*n - 0*f + 2*f. List the prime factors of n.
3
Suppose 0 = -x + 5*u + 3, 2*x - 3*u = -6 + 47. Let j be (-21)/x - (-215)/4. Let l = j - -4. What are the prime factors of l?
3, 19
Let z = 7 + -3. Suppose 5*f + 1585 = 5*x, 1315 = -4*f + x + 38. List the prime factors of f/(-5) + z - 1.
67
Suppose 2*i - 9 = -3*o + 8, -i = 2*o - 10. Let u(w) = -25*w**2 - 9 + w + 2*w + 13 + 8 + w**o. List the prime factors of u(25).
3, 29
Suppose 3*n - 57777 = -5*p, -5*n + 0*n - 11533 = -p. Suppose -6867 = -15*i + p. What are the prime factors of i?
2, 307
Let z(c) = 2*c + 1. Let s(i) = -119*i + 15. Let q(g) = s(g) - 6*z(g). List the prime factors of q(-1).
2, 5, 7
What are the prime factors of 2/26 - (-23565870)/3510?
2, 3, 373
Suppose -16*o + 3*o = 16809. Let z = 185 - o. List the prime factors of z.
2, 739
Suppose -p + 107147 = -0*p - 3*o, -o = 5*p - 535815. List the prime factors of (-3)/(66/(-4)) + p/242.
443
Let v(m) = -m**3 + m - 1. Let r(u) = -5*u**3 - 17*u**2 + 6*u + 21. Let w(h) = -r(h) + 6*v(h). Let y be w(15). Let k = y + -214. What are the prime factors of k?
11, 19
Let u(o) = -o**3 + 2*o**2 + 4*o + 1. Let z be u(-3). Let w = z + -89. What are the prime factors of 2/(-11) - 4795/w?
3, 29
Suppose 33*x = 32*x + 4*f + 18400, -5*x + 2*f + 92054 = 0. List the prime factors of x.
2, 4603
Let b(g) = 23*g**2 - 4*g - 3. Let u be b(-1). Let s = 26 - u. Suppose -s*y + 163 = 2*h - 47, 0 = 2*h - 4*y - 240. What are the prime factors of h?
2, 5, 11
Let t(m) = 3*m**2 - 10*m + 2. Let o = -728 + 713. What are the prime factors of t(o)?
827
Suppose 32*p - 60*p = -581784. Suppose 20*n - 7562 = p. List the prime factors of n.
13, 109
Let y(x) = -x**3 - x**2 + 5*x + 7. Suppose 2*l - l = 0, -2*a = -4*l - 4. Suppose -4 = -a*u - 10. What are the prime factors of y(u)?
2, 5
Let v = 27177 + 16299. What are the prime factors of v?
2, 3, 3623
Suppose 3766 = 7*p - 3738. Let u = -632 + p. List the prime factors of u.
2, 5, 11
Let r = 16032 - -22137. List the prime factors of r.
3, 4241
Let b = 11665 + -9680. List the prime factors of b.
5, 397
Let j(v) be the first derivative of -26*v**2 - 36*v - 71. What are the prime factors of j(-2)?
2, 17
Let w = 1153 + -607. Suppose -4*f + t + w = 158, 0 = -f - t + 92. What are the prime factors of f?
2, 3
Suppose 31*y = 23*y + 3976. Let h = 184 + y. List the prime factors of h.
3, 227
Let a(p) = -8865*p**3 - 9*p**2 - 9*p - 1. What are the prime factors of a(-1)?
2, 277
Suppose -3*t = -3*f + 2058, 2686 = 4*f - 5*t - 61. List the prime factors of f.
683
Suppose -33 = 13*t - 111. List the prime factors of -3 + ((-164)/t)/((-6)/72).
5, 13
What are the prime factors of 12*(-7 + 140/21) - -1296?
2, 17, 19
Suppose 0 = -6*z - 0*z + 14436. Suppose -9*u = -15*u + z. What are the prime factors of u?
401
Let n(t) = -3163*t + 142. List the prime factors of n(-1).
5, 661
Let j(r) = r**2 + 18*r + 30. Let u be (-34)/4 - 12/24. Let w be j(u). Let k = w + 149. List the prime factors of k.
2, 7
Let c = -20241 + 34843. What are the prime factors of c?
2, 7, 149
Let w be 0/((-1)/1) - -9. Suppose -5*c - 127*s + 126*s + 4 = 0, 3*s - 12 = 0. Suppose c = 2*x - w*x + 630. What are the prime factors of x?
2, 3, 5
What are the prime factors of 26/8 + -3 + (-21212919)/(-468)?
3, 29, 521
Suppose -f - 5 = -7. Suppose -4*y = 5*t - 1977, f*y + 0*y + 3*t - 989 = 0. What are the prime factors of y?
17, 29
Suppose 5*a = 4*i - 64, -3*a + 12 - 2 = 2*i. Let l be (i/((-231)/56))/(1/(-6)). What are the prime factors of 798/8 - (108/l - 6)?
3, 11
Suppose -651 = -11*s + 1153. What are the prime factors of (s + -5)*(-2 - (-24)/9)?
2, 53
Let c(t) = t**3 - 2*t**2 - 6*t. Let l be c(3). List the prime factors of (l - -7)*(-384)/2.
2, 3
Let g(s) = 17771*s**3 + 3*s**2 - 4*s. List the prime factors of g(1).
2, 5, 1777
Suppose -2*l + 4*p + 4556 = 0, 6810 = 3*l + 11*p - 9*p. What are the prime factors of l?
2, 71
Suppose -21*t = -16*t - 1880. Let w = t - -162. List the prime factors of w.
2, 269
Let w(u) = -u**3 - 34*u**2 - u + 97. List the prime factors of w(-41).
5, 2381
Suppose 0 = 5*l + 2*b - 68709, -9*l + 14*l + 5*b - 68700 = 0. List the prime factors of l.
3, 509
Let y = 8 + -8. Suppose -5*f + u + 13 = y, -2*f + 3*f + 3*u = -7. Suppose -5*r - 5 = f*b - 124, 2*r + 341 = 5*b. What are the prime factors of b?
67
Let w(t) = 17*t + 7. Let z be (-14)/28 - 2/4. Let i be w(z). List the prime factors of (i/15)/(8/(-1284)).
107
Let o be 8/((-3)/(2/(-4)*3)). Suppose -5*j + 29 = o*s, 3*j + 8*s - 4*s = 19. Suppose -x + 1518 = j*x. What are the prime factors of x?
11, 23
Let x(v) = v**3 - 1 - 6*v**2 - 49*v + 24*v + 31*v. Let m be x(4). What are the prime factors of 445/7 + m/(-21)?
2
Suppose -96*y = -104*y + 2696. List the prime factors of y.
337
Let n be -2 + 5 + 17 - (-1 + 1). Let g be (-30)/4*(-192)/n. Let a = 6 + g. What are the prime factors of a?
2, 3, 13
Suppose 3*j - 64551 = -4*s, -5*j - 603*s + 599*s + 107569 = 0. What are the prime factors of j?
137, 157
Let m be 8/(-20)*(1 - (-6)/(-1)). Suppose -2*a = 3*a + 3*d - 2141, -m*a + 4*d + 846 = 0. What are the prime factors of a?
7, 61
Let a = -2611 - -1480. Let l = 2750 + a. List the prime factors of l.
1619
Suppose -4549962 = -324*m - 8*m - 1692438. What are the prime factors of m?
3, 19, 151
Suppose -5*g + 12102 = 2*a, 12150 = -6*a + 8*a - 3*g. List the prime factors of a.
2, 3, 337
Let u be ((-5)/(-2))/(2 - (-54)/(-28)). Suppose -33*t = -u*t + 426. What are the prime factors of t?
3, 71
Let k = 16577 + -394. What are the prime factors of k?
16183
Suppose -8*a + a = 0. Suppose 215 + 726 = 4*q + 5*h, q - 5*h - 204 = a. Let f = 461 - q. List the prime factors of f.
2, 29
Let f = -1963 - -8398. What are the prime factors of f?
3, 5, 11, 13
Suppose -3*k + 5*k = 2732. Suppose -5*d - 2*w + 1931 = 0, k = 3*d + 3*w + 202. Suppose -5*j + d = 5*v, -6*j + j + 5*v + 435 = 0. List the prime factors of j.
2, 41
Suppose 903 = 11*m + 309. Suppose 48*l = m*l - 2724. List the prime factors of l.
2, 227
Suppose -29*n + 412132 - 119769 = -448645. What are the prime factors of n?
2, 1597
Let b = 11056 + -3716. What are the prime factors of b?
2, 5, 367
Suppose -296*c + 2334354 = -70*c. What are the prime factors of c?
3, 11, 313
Let d(f) = -67*f + 635. List the prime factors of d(-43).
2, 3, 293
Let s(o) = 7*o**3 - 4*o**2 + 13*o + 37. Let v(x) = 20*x**3 - 11*x**2 + 36*x + 112. Let z(w) = -11*s(w) + 4*v(w). List the prime factors of z(0).
41
Suppose -12*b = -33890 - 34455 - 35191. List the prime factors of b.
2, 3, 719
Let n be 138/12 - (-1)/2*-1. Let h(c) = 18*c - 23. Let i be h(n). Let p = 254 - i. List the prime factors of p.
79
Let m be (627/(-12))/((-6)/(-8))*-273. Suppose 70*j = 83*j - m. What are the prime factors of j?
7, 11, 19
Let k be 105/(832/(-168) + 5). Let w = -1492 + k. What are the prime factors of w?
23, 31
Suppose -2*n = 4*g + 302, -3*n - 508 = -2*g - 3*g. Let i = -114 - n. Let w = 41 + i. List the prime factors of w.
2, 11
Suppose -g = -3*b + 38030, b - 2*g - 12675 = -0*b. List the prime factors of b.
7, 1811
What are the prime factors of 5*(4301 + (4 - 13))?
2, 5, 29, 37
Let d be (-228)/(-54) + -1 - (-4)/(-18). Let k(w) = 7*w**2 - 4*w**3 - 4*w**3 + 14 - 4*w + d*w**2 + 9*w**3. What are the prime factors of k(-8)?
2, 3, 29
Let s be 30/(-12)*48/(-30). Suppose 7*c = 2*c + 3*t + 2220, -4*c - s*t = -1744. List the prime factors of c.
3, 7
Let q be (-1)/2 - 2455/(-10). Suppose 319 = 6*o - 587. Let j = q - o. What are the prime factors of j?
2, 47
Suppose -3*y - 8 = -5*q - 6*y, 4*y = -3*q + 7. Let g be (-2 + (3 - q))*5/20. Suppose g = -b - 2*j + 112, -3*j = -3*b - 8*j + 340. List the prime factors of b.
2, 3, 5
Suppose 0 = -3*r - 3*a + 29589, -56*r + 8*a = -53*r - 29523. What are the prime factors of r?
9857
Let u be (-28)/168 + (10/(-12))/1. Let j be 5/(-5) - 0 - u. Suppose l + 5 = j, s + 12*l - 8*l